t i(u) = 99*u - 4745. Determine i(48).
7
Let d(u) = -u**2 - 34*u - 142. Give d(-4).
-22
Let q(u) = 4*u**2 + 791*u - 4269. Calculate q(-203).
-6
Let q(d) = -3*d**3 - 581*d**2 - 351*d + 6762. Determine q(-193).
7
Let w(o) = 4*o**3 - 6*o**2 - o - 3. Determine w(2).
3
Let x(h) = -2*h**2 + 42*h + 1089. What is x(37)?
-95
Let l(m) = m**3 - m**2 - 15*m + 16. Calculate l(-5).
-59
Let x(w) = -5*w**3 - 123*w**2 + 50*w - 29. Determine x(-25).
-29
Let y(m) = 306*m - 47. Calculate y(3).
871
Let y(v) = 340*v + 2179. Give y(-6).
139
Let y(c) = c**2 + 207*c + 607. Calculate y(-3).
-5
Let f(v) = -23611*v + 47223. What is f(2)?
1
Let b(g) = 153*g - 1075. What is b(7)?
-4
Let w(s) = -s**3 + 10*s**2 + 20*s - 63. What is w(10)?
137
Let i(h) = 647*h - 13587. Determine i(21).
0
Let i(l) = 46*l + 371. Calculate i(-9).
-43
Let w(g) = -65*g - 461. Determine w(-7).
-6
Let h(x) = -23*x - 192. Determine h(-8).
-8
Let p(n) = -388*n - 398. Give p(-1).
-10
Let m(l) = 7*l**2 - 117*l - 18. Determine m(16).
-98
Let h(q) = -q**3 - 35*q**2 + 202*q + 68. Determine h(-40).
-12
Let s(l) = 407*l - 3273. Determine s(8).
-17
Let i(m) = -24323*m - 24311. What is i(-1)?
12
Let f(d) = d**2 - 32*d + 23. Determine f(-12).
551
Let b(x) = -4*x**3 + 7*x**2 + 8*x. Calculate b(-1).
3
Let n(u) = -8*u - 436. Calculate n(-60).
44
Let d(l) = -23*l**2 - 1122*l - 857. What is d(-48)?
7
Let n(r) = 2*r**3 + 95*r**2 + 56*r + 426. Determine n(-47).
3
Let v(p) = -2*p**2 + 165*p - 1399. Calculate v(73).
-12
Let f(u) = -u**2 + 44*u - 198. What is f(35)?
117
Let x(i) = -i**2 + 139*i - 282. Calculate x(2).
-8
Let c(r) = 91*r - 270. Calculate c(7).
367
Let o(q) = -59*q + 1255. What is o(21)?
16
Let k(r) = r**3 - 9*r**2 + 14*r - 35. What is k(7)?
-35
Let i(a) = 8*a**3 + a**2 - 7*a - 7. Give i(-3).
-193
Let n(x) = -158*x - 148. What is n(-3)?
326
Let x(l) = -4*l - 273. Give x(-64).
-17
Let u(k) = -k**3 - 92*k**2 + 12*k + 1113. Determine u(-92).
9
Let z(y) = -2*y**2 - 66*y - 227. Calculate z(-29).
5
Let o(g) = -2585*g - 10327. Determine o(-4).
13
Let d(r) = -r**2 + 32*r + 92. Determine d(24).
284
Let y(z) = -14*z**2 + 239*z - 21. Give y(17).
-4
Let r(t) = -104*t + 541. What is r(7)?
-187
Let q(j) = 76*j - 56. Determine q(-7).
-588
Let i(c) = 11*c**2 + 265*c + 36. What is i(-24)?
12
Let m(j) = 29*j - 3893. Calculate m(134).
-7
Let m(g) = 8*g**2 + 139*g - 66. Give m(-12).
-582
Let b(h) = -179*h**2 - 18*h - 15. Calculate b(-1).
-176
Let n(y) = y**3 - 58*y**2 + 3*y - 165. Calculate n(58).
9
Let i(y) = 5*y + 28. Give i(-15).
-47
Let t(h) = -3323*h - 13252. Give t(-4).
40
Let j(p) = 727*p - 5792. Determine j(8).
24
Let p(m) = -7*m**2 - 54*m + 1059. What is p(9)?
6
Let y(u) = -u**3 + 11*u**2 - 39*u + 284. Calculate y(10).
-6
Let y(d) = 24*d - 500. Determine y(23).
52
Let y(c) = c**3 + 28*c**2 - 210*c - 217. Determine y(-34).
-13
Let a(w) = -4*w**2 + 164*w + 724. Calculate a(-4).
4
Let z(j) = 48*j**3 - j**2 + 10*j - 7. Give z(1).
50
Let d(m) = -2*m**2 + 21*m + 18. What is d(10)?
28
Let k(q) = -67*q - 73. Determine k(-2).
61
Let p(r) = -2387*r - 38177. Calculate p(-16).
15
Let r(n) = -5*n + 181. What is r(36)?
1
Let i(r) = -7*r**2 + 86*r + 2. Determine i(14).
-166
Let f(j) = j**3 + 87*j + 293. Give f(-3).
5
Let o(d) = 3*d + 123. Calculate o(-23).
54
Let l(h) = h**3 + 7*h**2 - 33*h - 148. Give l(-7).
83
Let o(c) = 49*c + 3459. What is o(-77)?
-314
Let u(t) = -11451*t - 68735. Determine u(-6).
-29
Let i(z) = -316*z + 1287. Give i(4).
23
Let n(p) = p**2 + 52*p - 1150. Calculate n(19).
199
Let m(x) = x**3 + 64*x**2 - 5*x - 330. Calculate m(-64).
-10
Let w(b) = 836*b - 826. Give w(1).
10
Let z(g) = 2*g**2 + 1916*g - 21314. Calculate z(11).
4
Let i(x) = -5*x**2 + 72*x + 40. Determine i(15).
-5
Let n(v) = -131*v**3 + 6*v**2 + 4*v + 1. Determine n(-1).
134
Let u(i) = -20*i**3 + 5*i**2 - 8*i + 6. Determine u(1).
-17
Let n(h) = h**3 + 66*h**2 + 66*h - 115. Determine n(-65).
-180
Let o(k) = -3*k**3 + 15*k**2 + 42*k + 14. Determine o(7).
14
Let i(g) = -g**3 + 45*g**2 + 755*g - 91. Calculate i(58).
-33
Let r(u) = 3*u**2 - 243*u + 34. Determine r(81).
34
Let f(h) = -33*h + 1260. Calculate f(38).
6
Let o(y) = 77*y - 5427. Calculate o(71).
40
Let i(d) = 32*d + 4281. What is i(-134)?
-7
Let b(p) = p**3 - 237*p**2 + 10*p - 2355. Calculate b(237).
15
Let t(d) = -d**2 + 12*d + 31. Determine t(8).
63
Let r(b) = 4*b**2 - 362*b + 182. What is r(90)?
2
Let d(j) = -230*j - 14. Calculate d(-1).
216
Let a(m) = -68*m + 1661. Determine a(26).
-107
Let z(c) = -c**3 + 4*c**2 + 4*c + 22. What is z(5)?
17
Let h(q) = -q**3 - 7*q**2 + 7*q - 11. Give h(-7).
-60
Let l(m) = 4285*m - 34286. Give l(8).
-6
Let k(f) = -f**2 + 118*f - 3462. Determine k(64).
-6
Let f(r) = 2*r**2 - 260*r + 742. What is f(3)?
-20
Let y(l) = -92*l + 1078. Give y(14).
-210
Let a(w) = w**3 - 23*w**2 + 31*w + 56. Calculate a(21).
-175
Let k(z) = 5*z**3 - 16*z**2 + 2*z - 5. Determine k(3).
-8
Let j(b) = 48*b - 1506. What is j(31)?
-18
Let d(w) = -37*w + 408. Give d(18).
-258
Let n(f) = -6*f**2 + 195*f + 1236. Calculate n(38).
-18
Let p(d) = -35*d + 781. What is p(22)?
11
Let j(x) = x**3 - 15*x**2 + 9*x - 78. Calculate j(14).
-148
Let t(d) = -d**3 + 6*d**2 - 21*d + 8. Determine t(2).
-18
Let w(i) = 180*i + 19420. What is w(-108)?
-20
Let a(t) = 6*t - 189. Calculate a(22).
-57
Let x(a) = -6989*a + 111806. Calculate x(16).
-18
Let z(f) = -56*f + 5317. Calculate z(95).
-3
Let i(o) = o**3 - 54*o**2 - 50*o - 223. Determine i(55).
52
Let y(n) = -2*n**2 - 161*n + 2094. Calculate y(-92).
-22
Let k(j) = -j**3 + 5*j**2 - 26*j + 49. Give k(5).
-81
Let v(j) = 7*j**3 + 185*j**2 - 108*j. Calculate v(-27).
0
Let u(o) = -446*o - 7839. Determine u(-17).
-257
Let z(f) = -4*f**2 + 431*f - 11597. Determine z(53).
10
Let r(l) = -l**3 + 82*l**2 - 662*l + 474. Calculate r(73).
109
Let k(t) = -396*t + 3947. What is k(10)?
-13
Let m(f) = 3*f**2 - 21*f - 18. Calculate m(8).
6
Let y(o) = -15*o**3 + 117*o**2 + 19*o + 34. Determine y(8).
-6
Let m(o) = -o**3 + 42*o**2 - 12*o + 223. What is m(42)?
-281
Let a(f) = -616*f - 1071. Give a(-2).
161
Let u(p) = 2*p - 440. Calculate u(-23).
-486
Let q(j) = -7*j**2 + 22*j + 83. Calculate q(0).
83
Let n(z) = -4437*z + 17744. Give n(4).
-4
Let b(c) = c + 81. What is b(-27)?
54
Let k(w) = 7*w**2 + 407*w + 65. Determine k(-58).
7
Let h(v) = -498*v - 7973. Determine h(-16).
-5
Let x(c) = -2*c**3 - 7*c**2 + 23*c - 3. Calculate x(3).
-51
Let r(u) = -20*u**2 + 835*u + 78. Determine r(42).
-132
Let a(s) = -s**2 - 41*s + 66. Give a(-43).
-20
Let p(c) = -c**2 + 29*c + 176. Determine p(35).
-34
Let j(p) = 6*p + 637. Calculate j(-106).
1
Let a(h) = h**3 - 22*h**2 + 56*h - 342. Give a(20).
-22
Let n(y) = -y**2 + 8*y - 146. Determine n(0).
-146
Let r(q) = 2*q**3 - 89*q**2 - 138*q + 73. Give r(46).
73
Let b(j) = -3*j**2 - 41*j + 15. Calculate b(-16).
-97
Let l(c) = 2*c**2 - 333*c + 192. What is l(166)?
26
Let i(x) = -x**2 + 14*x + 1518. Give i(-33).
-33
Let m(x) = x**3 + 7*x**2 + 63*x + 271. What is m(-5)?
6
Let s(d) = -86*d + 1371. Calculate s(16).
-5
Let k(f) = -f**3 - 3*f**2 + 72*f - 3. Determine k(-10).
-23
Let f(r) = -r**2 + 36*r + 37. What is f(40)?
-123
Let z(w) = -w**2 + 99*w + 2138. Give z(-18).
32
Let t(a) = 2*a**3 + 9*a**2 + 17*a + 60. Calculate t(-4).
8
Let w(q) = 88*q - 618. Calculate w(7).
-2
Let r(c) = -59*c - 390. Give r(-7).
23
Let l(v) = -v**3 + 14*v**2 - 3*v + 123. Give l(15).
-147
Let g(w) = 79*w + 2715. Determine g(-34).
29
Let s(g) = -6*g**2 + 108*g - 215. Give s(2).
-23
Let k(a) = -24*a - 2. What is k(-1)?
22
Let p(k) = -k**2 - k + 375. Give p(0).
375
Let l(i) = 4*i**3 - 125*i**2 + 10*i + 643. Calculate l(31).
-8
Let i(n) = n**3 - n**2 - 2*n - 7. Determine i(6).
161
Let j(f) = -f**2 + 46*f - 206. Give j(5).
-1
Let c(o) = -o**3 - 35*o**2 + 125*o + 415. Determine c(-38).
-3
Let h(q) = 2*q**3 - 61*q**2 - 8*q - 463. What is h(31)?
250
Let y(w) = w**2 - 64*w - 242. Determine y(66).
-110
Let g(t) = -58*t + 300. Give g(5).
10
Let d(h) = 54*h - 177. Determine d(3).
-15
Let j(d) = 39*d**2 - 11*d - 23. What is j(-2)?
155
Let v(k) = -2*k**3 - 48*k**2 + 50*k + 73. Calculate v(-25).
73
Let g(c) = -431*c - 4217. What is g(-10)?
93
Let u(f) = -114*f + 786. Calculate u(7).
-12
Let i(s) = 33*s**3 + 15*s**2 + 2*s + 2. Give i(-1).
-18
Let n(c) = 4*c**2 + 11*c - 76. Calculate n(4).
32
Le